 -2*s + g. What is the remainder when 14 is divided by s?
2
Let t(d) be the second derivative of 3*d**4/4 + d**3/6 - 2*d**2 + d. Let g(b) = b**2 - 14*b + 58. Calculate the remainder when t(-3) is divided by g(11).
24
Let m(p) = p**2 - p + 10. Let l = 2 + 36. What is the remainder when l is divided by m(0)?
8
Let z = 6 - 3. Suppose 105 = -0*r + z*r. Calculate the remainder when r is divided by 19.
16
Let d = 24 + -24. Suppose -2*w + 2*h + 116 = d, h - 107 = -5*w + 3*w. What is the remainder when w is divided by 19?
17
Suppose -3*f - 77 = -2*x - 2*x, 3 = -f. Let w be 8/(-12) + 2/(-6). What is the remainder when 11/(11/30) - w is divided by x?
14
Suppose -3*x + 170 = 2*x. Calculate the remainder when x is divided by 9.
7
Let u be 105/(-28)*40/(-6). Let i = u - 12. What is the remainder when 50 is divided by i?
11
Let i = 11 + -6. What is the remainder when 7 is divided by i?
2
Let w(h) = -9*h - 28. What is the remainder when w(-11) is divided by 18?
17
Suppose -5*l = 4*x - 173, l + 195 = 5*x + 3*l. Calculate the remainder when x is divided by 10.
7
Let u(t) = t**2 - 5*t - 3. Let c be u(6). Suppose 35 = -2*o + c*o. Calculate the remainder when o is divided by 18.
17
Suppose 0 = -3*r + r + 74. What is the remainder when r is divided by 20?
17
Suppose 0 = -0*f + 2*f - 16. Let s = -49 - -33. Calculate the remainder when -2 - (s - 1/1) is divided by f.
7
What is the remainder when 3/8 + -3*186/(-48) is divided by (3 - 1)*(-14)/(-4)?
5
Suppose -46 = -3*g - 5*s, 6 + 7 = 4*g - 3*s. Calculate the remainder when 12 is divided by g.
5
Calculate the remainder when 27 is divided by (198/(-10))/11*50/(-6).
12
Let m(d) = -7*d - 37. Calculate the remainder when 187 is divided by m(-8).
16
Let n(v) = 3*v**3 - 2*v**2 + v + 1. Suppose -15 = -4*j + 1. Suppose j*g = 23 + 17. Calculate the remainder when n(2) is divided by g.
9
Suppose 2*v - 24 = -v. Calculate the remainder when v is divided by 5.
3
Suppose 2*f - 54 = 6. Let k(w) = 2*w**2 + 6*w - 9. Calculate the remainder when f is divided by k(2).
8
Suppose -12 = -0*d - 4*d. Suppose -d*m + 50 = -64. What is the remainder when m is divided by 13?
12
Let v(h) = -h + 3. Let x be ((-12)/10)/(5/(-50)). Suppose -4*w + 8 = -x. Calculate the remainder when v(-5) is divided by w.
3
Let r(k) = -k + 9. Let j(y) be the first derivative of 9*y**3 - y + 2. What is the remainder when j(1) is divided by r(0)?
8
Let x(l) = 94*l**2 + 2*l + 1. Let p be x(-1). Suppose 4*y - 11 - p = 0. Suppose y = -4*m + 106. What is the remainder when 38 is divided by m?
18
Suppose -v - 26 = -3*v. Calculate the remainder when 36 is divided by v.
10
Let a = 33 + -56. Let c = -15 - a. Let n(d) = -11*d + 1. Calculate the remainder when n(-2) is divided by c.
7
Suppose l = 5*l - 12. Let g be ((-44)/33)/((-4)/18). Suppose -g*w + 7*w - 8 = 0. What is the remainder when w is divided by l?
2
Suppose 4*n = -3*o + 51, -5*n + 46 = 3*o - 2. Calculate the remainder when o is divided by 8.
5
Suppose -4*n = 3*x - 44, -2*x + 3*n - 2*n = -44. Calculate the remainder when 79 is divided by x.
19
Let r(b) = 11*b + 9. What is the remainder when r(3) is divided by 15?
12
Suppose -3*n = -2*n - 43. Suppose 4*z - n - 61 = 0. Let s = 38 - z. Calculate the remainder when 22 is divided by s.
10
What is the remainder when 100 is divided by ((-1)/1)/((-2)/68)?
32
Let u(k) = 13*k**3 + k**2. Let d(a) = -a**3 + 2*a**2 + 18*a - 4. What is the remainder when d(-5) is divided by u(1)?
11
Let c = -68 - -108. Suppose -3*n - 2*y - 2*y + 9 = 0, -4*n + 4*y + c = 0. Calculate the remainder when 11 is divided by n.
4
Let i be (-2)/(-7) - (-2)/(-7). Suppose i*b - 5*b + 15 = 0, -2*b = 3*p. What is the remainder when 26 is divided by p/(-8) + (-165)/(-12)?
12
Suppose 5*h - 79 = 81. Calculate the remainder when h is divided by 7.
4
Suppose -152 = -3*m - m. Let x(a) = 27*a + 1. Let n be x(3). What is the remainder when m is divided by 4/(-6) - n/(-6)?
12
Suppose 2*w - 53 = 7. Suppose 4*a - 15 = -3*k + 6, 0 = 3*k - 9. Suppose -3 = a*f - w. What is the remainder when 17 is divided by f?
8
Let u = 14 + -9. Suppose 2*i - 4 = -2*o - 0*i, -u*o + 2*i = -45. Let c = 14 + o. Calculate the remainder when 40 is divided by c.
19
Let z(m) = 2*m**2 + 2*m - 2. Let x be z(-2). Let c be (-39)/(-2) + (-1)/x. Let n = c + -11. What is the remainder when 23 is divided by n?
7
Let k = 16 - 10. Suppose -g = -25 + k. What is the remainder when g is divided by 10?
9
Let g(p) = -p**2 - 26*p + 1. What is the remainder when g(-23) is divided by 29?
12
Calculate the remainder when 30*(2/(-5) + 55/75) is divided by 6.
4
Suppose -3*d + 42 = 15. Suppose -2*s + 86 = -4*g, 3*g + 71 + 10 = 2*s. Calculate the remainder when s is divided by d.
6
Let k = -3 - -4. Calculate the remainder when k + 1 - (-4 + 1) is divided by 3.
2
Suppose -4*p + 30 = 2*h, -2 = 3*p - 8. Calculate the remainder when 83 is divided by h.
6
Let s = 15 - -14. Suppose -k - 2 + s = 0. What is the remainder when k is divided by 14?
13
What is the remainder when -2 + 44 - -3 - 1 is divided by 16?
12
Let b = 22 + -11. Calculate the remainder when 63 is divided by b.
8
Suppose -6*y + 80 = -y. Let q be 16 + -3 + 0 + 1. Let c = q + 16. What is the remainder when c is divided by y?
14
Suppose 0*g + 3*g - 27 = 0. Let x = -17 + 42. What is the remainder when x is divided by g?
7
Let c(s) = -2*s**2 + 16*s - 7. What is the remainder when 45 is divided by c(6)?
11
Let d(f) be the third derivative of -f**6/120 + 3*f**5/20 - f**4/3 + f**3 + f**2. Let u be d(8). What is the remainder when 34 is divided by 96/u + (-2)/(-1)?
16
Let o(c) = -c + 2. Let g(y) = 6*y**2. Let b be g(-2). Suppose r + 1 = b. Calculate the remainder when r is divided by o(-6).
7
Let m(y) be the second derivative of 4*y**3/3 + y**2 - y. Calculate the remainder when m(4) is divided by 12.
10
Let c = -8 - -14. Suppose -4*q = -2*q - 5*v - 30, -40 = -4*q + 5*v. Suppose -29 = q*m - c*m. What is the remainder when m is divided by 15?
14
Let f = 41 - 30. What is the remainder when 42 is divided by f?
9
Suppose 3 - 1 = q. Suppose 114 = 4*j + 2*b, j - q*b - 15 = 2*b. Suppose -5*s + 57 + 16 = -c, -5*s - c + 67 = 0. Calculate the remainder when j is divided by s.
13
Suppose t + 3*x - 114 - 13 = 0, 4 = -2*x. Suppose 3*y = 2*g + 119 + 24, 0 = -3*y + 4*g + t. Calculate the remainder when y is divided by 18.
15
Suppose 4*a - l = 4*l + 24, 5*l + 18 = -2*a. Let k = a - -7. What is the remainder when 23 is divided by k?
7
Let k(l) = l**3 + l**2 - 2*l + 1. Let b be k(2). Suppose 2*g + b = 3*h - 5, h + 3*g = -10. What is the remainder when h is divided by (2 - -1) + (-6 - -4)?
0
Suppose 2*a - 83 = -29. Suppose 19*h = 20*h - 10. What is the remainder when a is divided by h?
7
Let j = -23 + 25. Suppose j*d = -4*y + 48, -7 = -2*y + 2*d + 17. What is the remainder when y is divided by 7?
5
Suppose -3*k - 1 = -31. Let h(u) = -u + 12. Let x be h(9). Suppose 4*g = x*p - 100, p - 5*g - 48 = -0*g. What is the remainder when p is divided by k?
8
Let m = 7 + -4. Calculate the remainder when 6*((-5)/m + 2) is divided by 2.
0
Let y = -2 - -10. Suppose -2*w = -y*w + 486. Calculate the remainder when w is divided by 21.
18
Let a(x) = 42*x + 1. Let m be a(-1). Let g = m + 62. Suppose 4*y = 3*y + 41. Calculate the remainder when y is divided by g.
20
Suppose 5*o + 2*h - 350 = -0*h, 0 = -2*o + h + 131. Calculate the remainder when o is divided by 14.
12
Calculate the remainder when ((-10)/(-4) - 2)/(3/330) is divided by 8.
7
Let h be (2 - 3)/(1/(-13)). Let u = h + 16. Suppose 0 = -2*m + 3*m - u. Calculate the remainder when m is divided by 8.
5
Let u(r) = -r**3 + 4*r**2. Suppose 7 = -3*k + 25. Calculate the remainder when u(3) is divided by k.
3
Calculate the remainder when 1 + 60 - (1 + -1) is divided by (-290)/(-14) + (-2)/(-7).
19
Let o = 2 - -4. Suppose 7 = 6*j - 23. Calculate the remainder when (-4*j)/(0 - 2) is divided by o.
4
Let x(m) = -27*m**3 + m**2 + 3*m + 2. Calculate the remainder when x(-1) is divided by 10.
7
Let v = 12 + -7. Calculate the remainder when v is divided by (-1 + 4/12)/(1/(-3)).
1
Let q = 26 - 15. Let x(n) = -n**3 + 12*n**2 - 8*n - 9. Let y be x(q). Suppose -d + y = 2*d. What is the remainder when 21 is divided by d?
5
Suppose 2*r - 115 + 9 = 0. Suppose -r = -f - 0*d + 5*d, -3*f - 2*d + 176 = 0. Calculate the rem